{"id":39,"date":"2025-08-17T15:48:22","date_gmt":"2025-08-17T15:48:22","guid":{"rendered":"https:\/\/vrapciste.com\/?page_id=39"},"modified":"2025-08-17T15:48:22","modified_gmt":"2025-08-17T15:48:22","slug":"hakkimizda","status":"publish","type":"page","link":"https:\/\/vrapciste.com\/index.php\/hakkimizda\/","title":{"rendered":"Hakk\u0131m\u0131zda"},"content":{"rendered":"\n<p>Bu site, Vrap\u00e7i\u015fte k\u00f6y\u00fcn\u00fcn tarihini, k\u00fclt\u00fcr\u00fcn\u00fc ve toplumunu dijital d\u00fcnyaya ta\u015f\u0131mak amac\u0131yla g\u00f6n\u00fcll\u00fcler taraf\u0131ndan kurulmu\u015ftur.<\/p>\n\n\n\n<p>Amac\u0131m\u0131z;<\/p>\n\n\n\n<ul class=\"wp-block-list\">\n<li>K\u00f6y\u00fcm\u00fcz\u00fcn tarih\u00ee ve k\u00fclt\u00fcrel miras\u0131n\u0131 korumak<\/li>\n\n\n\n<li>Vrap\u00e7i\u015fte\u2019de ve yurt d\u0131\u015f\u0131nda ya\u015fayan hem\u015fehrilerimiz aras\u0131nda k\u00f6pr\u00fc kurmak<\/li>\n\n\n\n<li>Yeni nesillere aidiyet duygusu a\u015f\u0131lamak<\/li>\n<\/ul>\n\n\n\n<p>Katk\u0131da bulunmak isterseniz bizimle ileti\u015fime ge\u00e7ebilirsiniz.<\/p>\n","protected":false},"excerpt":{"rendered":"<p>Bu site, Vrap\u00e7i\u015fte k\u00f6y\u00fcn\u00fcn tarihini, k\u00fclt\u00fcr\u00fcn\u00fc ve toplumunu dijital d\u00fcnyaya ta\u015f\u0131mak amac\u0131yla g\u00f6n\u00fcll\u00fcler taraf\u0131ndan kurulmu\u015ftur. Amac\u0131m\u0131z; Katk\u0131da bulunmak isterseniz bizimle ileti\u015fime ge\u00e7ebilirsiniz.<\/p>\n","protected":false},"author":1,"featured_media":0,"parent":0,"menu_order":0,"comment_status":"closed","ping_status":"closed","template":"","meta":{"footnotes":""},"class_list":["post-39","page","type-page","status-publish","hentry"],"aioseo_notices":[],"_links":{"self":[{"href":"https:\/\/vrapciste.com\/index.php\/wp-json\/wp\/v2\/pages\/39","targetHints":{"allow":["GET"]}}],"collection":[{"href":"https:\/\/vrapciste.com\/index.php\/wp-json\/wp\/v2\/pages"}],"about":[{"href":"https:\/\/vrapciste.com\/index.php\/wp-json\/wp\/v2\/types\/page"}],"author":[{"embeddable":true,"href":"https:\/\/vrapciste.com\/index.php\/wp-json\/wp\/v2\/users\/1"}],"replies":[{"embeddable":true,"href":"https:\/\/vrapciste.com\/index.php\/wp-json\/wp\/v2\/comments?post=39"}],"version-history":[{"count":1,"href":"https:\/\/vrapciste.com\/index.php\/wp-json\/wp\/v2\/pages\/39\/revisions"}],"predecessor-version":[{"id":40,"href":"https:\/\/vrapciste.com\/index.php\/wp-json\/wp\/v2\/pages\/39\/revisions\/40"}],"wp:attachment":[{"href":"https:\/\/vrapciste.com\/index.php\/wp-json\/wp\/v2\/media?parent=39"}],"curies":[{"name":"wp","href":"https:\/\/api.w.org\/{rel}","templated":true}]}}