{"id":35,"date":"2025-08-17T15:45:49","date_gmt":"2025-08-17T15:45:49","guid":{"rendered":"https:\/\/vrapciste.com\/?page_id=35"},"modified":"2025-08-18T15:05:16","modified_gmt":"2025-08-18T15:05:16","slug":"ana-sayfa","status":"publish","type":"page","link":"https:\/\/vrapciste.com\/index.php\/ana-sayfa\/","title":{"rendered":"Ana Sayfa"},"content":{"rendered":"\n<blockquote class=\"wp-block-quote is-layout-flow wp-block-quote-is-layout-flow\">\n<p><strong>Vrap\u00e7i\u015fte\u2019ye Ho\u015f Geldiniz!<\/strong><\/p>\n\n\n\n<p>Kuzey Makedonya\u2019n\u0131n kalbinde yer alan Vrap\u00e7i\u015fte, k\u00f6kl\u00fc tarihi, zengin k\u00fclt\u00fcr\u00fc ve s\u0131cakkanl\u0131 insanlar\u0131yla bir Balkan k\u00f6y\u00fcnden \u00e7ok daha fazlas\u0131d\u0131r. Bu site, hem ge\u00e7mi\u015fimizi ya\u015fatmak hem de gelece\u011fe \u0131\u015f\u0131k tutmak i\u00e7in kurulmu\u015ftur.<\/p>\n\n\n\n<p>\ud83d\udccc En g\u00fcncel geli\u015fmeler, k\u00f6y\u00fcm\u00fczden haberler ve gurbet\u00e7ilerimize dair payla\u015f\u0131mlar i\u00e7in takipte kal\u0131n.<\/p>\n<\/blockquote>\n","protected":false},"excerpt":{"rendered":"<p>Vrap\u00e7i\u015fte\u2019ye Ho\u015f Geldiniz! Kuzey Makedonya\u2019n\u0131n kalbinde yer alan Vrap\u00e7i\u015fte, k\u00f6kl\u00fc tarihi, zengin k\u00fclt\u00fcr\u00fc ve s\u0131cakkanl\u0131 insanlar\u0131yla bir Balkan k\u00f6y\u00fcnden \u00e7ok daha fazlas\u0131d\u0131r. Bu site, hem ge\u00e7mi\u015fimizi ya\u015fatmak hem de gelece\u011fe \u0131\u015f\u0131k tutmak i\u00e7in kurulmu\u015ftur. \ud83d\udccc En g\u00fcncel geli\u015fmeler, k\u00f6y\u00fcm\u00fczden haberler ve gurbet\u00e7ilerimize dair payla\u015f\u0131mlar i\u00e7in takipte kal\u0131n.<\/p>\n","protected":false},"author":1,"featured_media":58,"parent":0,"menu_order":0,"comment_status":"closed","ping_status":"closed","template":"","meta":{"footnotes":""},"class_list":["post-35","page","type-page","status-publish","has-post-thumbnail","hentry"],"aioseo_notices":[],"_links":{"self":[{"href":"https:\/\/vrapciste.com\/index.php\/wp-json\/wp\/v2\/pages\/35","targetHints":{"allow":["GET"]}}],"collection":[{"href":"https:\/\/vrapciste.com\/index.php\/wp-json\/wp\/v2\/pages"}],"about":[{"href":"https:\/\/vrapciste.com\/index.php\/wp-json\/wp\/v2\/types\/page"}],"author":[{"embeddable":true,"href":"https:\/\/vrapciste.com\/index.php\/wp-json\/wp\/v2\/users\/1"}],"replies":[{"embeddable":true,"href":"https:\/\/vrapciste.com\/index.php\/wp-json\/wp\/v2\/comments?post=35"}],"version-history":[{"count":2,"href":"https:\/\/vrapciste.com\/index.php\/wp-json\/wp\/v2\/pages\/35\/revisions"}],"predecessor-version":[{"id":37,"href":"https:\/\/vrapciste.com\/index.php\/wp-json\/wp\/v2\/pages\/35\/revisions\/37"}],"wp:featuredmedia":[{"embeddable":true,"href":"https:\/\/vrapciste.com\/index.php\/wp-json\/wp\/v2\/media\/58"}],"wp:attachment":[{"href":"https:\/\/vrapciste.com\/index.php\/wp-json\/wp\/v2\/media?parent=35"}],"curies":[{"name":"wp","href":"https:\/\/api.w.org\/{rel}","templated":true}]}}